103
In base 7, what is 2005 - 6356?
-4351
In base 9, what is -4 + 11523283?
11523278
In base 13, what is 1333c65 + 1?
1333c66
In base 7, what is -16164 - 16541?
-36035
In base 8, what is 1510753 - -61?
1511034
In base 7, what is 35153 + -65423?
-30240
In base 3, what is 20 - -1210221200011?
1210221200101
In base 10, what is -3670 + 34019?
30349
In base 6, what is -45100 - 1333?
-50433
In base 12, what is 21902a7 - -5a?
2190345
In base 16, what is -854 + -29a17?
-2a26b
In base 11, what is -242061 + 139?
-241a23
In base 7, what is -4250 + -266610?
-304160
In base 7, what is -50 - -11036234?
11036154
In base 15, what is -1c1 - 2e03e?
-2e210
In base 8, what is 115 + -125?
-10
In base 2, what is 10111100110000110000111111101 - -10?
10111100110000110000111111111
In base 14, what is -3 + -1836864?
-1836867
In base 4, what is -31302003 + 10310?
-31231033
In base 3, what is -210200200010010 - -11?
-210200200002222
In base 2, what is 11 + 1011111000010100000111001?
1011111000010100000111100
In base 8, what is -1022247 + 47?
-1022200
In base 6, what is -1314540524 + 0?
-1314540524
In base 6, what is 101053500 - 50?
101053410
In base 2, what is -10110000110100001000 - 100001?
-10110000110100101001
In base 13, what is 474996 + 5?
47499b
In base 2, what is 10 + 100011101111100010000001010?
100011101111100010000001100
In base 9, what is 6063 + -27335?
-21262
In base 9, what is -4 + 128582566?
128582562
In base 5, what is -113324 + -114213?
-233042
In base 12, what is -3330 - 152b5?
-18625
In base 12, what is 102708199 - -5?
1027081a2
In base 8, what is 1477744 - 1735?
1476007
In base 16, what is 55 - -375c?
37b1
In base 6, what is -14134 - -103113?
44535
In base 11, what is 416 + 5046?
5461
In base 4, what is 112001201 + -1101?
112000100
In base 5, what is -213321 - 312024?
-1030400
In base 13, what is 177455a + 1?
177455b
In base 2, what is 1111001110011 + -1010001010111000?
-1000010001000101
In base 11, what is 7aa6922 - 4?
7aa6919
In base 13, what is 15c88 + 160?
16118
In base 10, what is -40319 - -65?
-40254
In base 12, what is 3 + -6802931?
-680292a
In base 16, what is -489c - 279f?
-703b
In base 10, what is -349010530 - 2?
-349010532
In base 7, what is -602 + -166451?
-200353
In base 8, what is 2030157 + -476?
2027461
In base 2, what is -1111001101110011 + 1001100?
-1111001100100111
In base 13, what is 43 + 545a7?
5461a
In base 9, what is -72737157 + -7?
-72737165
In base 14, what is -989 + 3dd7?
344c
In base 8, what is -255631 - 334?
-256165
In base 8, what is 4 + -632544504?
-632544500
In base 5, what is -10 - -14302224413?
14302224403
In base 7, what is 22143 - 2326?
16514
In base 5, what is 2202301 + 41034?
2243340
In base 9, what is -3267 + -27320?
-31587
In base 3, what is -221012110 - -110101?
-220202002
In base 14, what is 1599 - -32780?
33d39
In base 3, what is 210121011110 + -200?
210121010210
In base 12, what is 7 - -54b46a?
54b475
In base 2, what is 11000010110 - 10011010000010?
-10000001101100
In base 3, what is -22211110122 - 10210?
-22211121102
In base 2, what is -1001011001100011111110 - -1000011?
-1001011001100010111011
In base 6, what is -12511334 + 3445?
-12503445
In base 3, what is 12 - -12201000222110?
12201000222122
In base 7, what is 536512541 - -13?
536512554
In base 7, what is 26 + -45631566?
-45631540
In base 2, what is 111010001010000110011110011 + 10?
111010001010000110011110101
In base 6, what is 30112124 + -1?
30112123
In base 5, what is 2410 + 2434322?
2442232
In base 13, what is 5556 - -804?
605a
In base 9, what is 1164010 + -56?
1163843
In base 8, what is 2072 - 11775?
-7703
In base 12, what is 6805 + 25046?
2b84b
In base 4, what is -10 - -22212232223212?
22212232223202
In base 2, what is 10101110011011001101111011110 - -100?
10101110011011001101111100010
In base 14, what is -131 - 18c843?
-18c974
In base 5, what is -234412224444 - -1?
-234412224443
In base 8, what is -1222 - -42674?
41452
In base 8, what is 101 + -1647257?
-1647156
In base 14, what is -22418a + 8?
-224182
In base 9, what is -2 - 7387655?
-7387657
In base 9, what is -2120050 - -211?
-2118738
In base 13, what is 56202201 - -1?
56202202
In base 16, what is 116 + 2ed39?
2ee4f
In base 8, what is 26376 + -40127?
-11531
In base 10, what is 260 + -26750?
-26490
In base 9, what is 186 + 60245?
60442
In base 6, what is -10 + -210254504?
-210254514
In base 15, what is e46c5 - 6d?
e4657
In base 16, what is -5 - a23419?
-a2341e
In base 4, what is 2031223110 - -220?
2031223330
In base 12, what is -4 + -6994835?
-6994839
In base 13, what is -ca - a085?
-a182
In base 10, what is 28059053 - -1?
28059054
In base 12, what is -5 - -53776b28?
53776b23
In base 9, what is 65311 + -1342?
63858
In base 6, what is 2430312 - 3?
2430305
In base 11, what is -18382 + -2a64?
-20336
In base 2, what is -10000000101010000111101 - 111101?
-10000000101010001111010
In base 11, what is -5 - -3a742239?
3a742234
In base 9, what is 2175 - -355347?
357533
In base 4, what is -31333102313 - 3?
-31333102322
In base 7, what is 10240310500 - 3?
10240310464
In base 9, what is -11124 - 335?
-11460
In base 10, what is 13 + -1562773?
-1562760
In base 12, what is 277354 + aa3?
278237
In base 11, what is 242 - 25550?
-25309
In base 5, what is 20423344012 - 0?
20423344012
In base 11, what is -5 + -11820336?
-11820340
In base 10, what is -61 - 1121378?
-1121439
In base 8, what is 0 + 17357442?
17357442
In base 11, what is 11561 + 2254?
13805
In base 3, what is 10120101012 - -210021001?
11100122020
In base 5, what is 3410 - 1101330?
-1042420
In base 5, what is -1331121 + 314102?
-1012014
In base 15, what is -1dd + -be?
-2ac
In base 4, what is -1333 + 210230201?
210222202
In base 5, what is -114432224022 + -3?
-114432224030
In base 4, what is 2 + 12212133231011?
12212133231013
In base 8, what is -1621643 - 250?
-1622113
In base 6, what is -2351153 + 2?
-2351151
In base 4, what is -110201 - -2012213?
1302012
In base 10, what is 77793611 - -1?
77793612
In base 6, what is -43000 - -145130?
102130
In base 8, what is 204357 + 27513?
234072
In base 8, what is 61257 + -3365?
55672
In base 6, what is 21 - 25453534?
-25453513
In base 15, what is -e4 - 13662?
-13756
In base 8, what is 671567 + -474?
671073
In base 9, what is -22717 - 110454?
-133272
In base 15, what is -24 - -48722?
486ed
In base 13, what is -700 - a7c?
-147c
In base 6, what is 44300 + -25111?
15145
In base 9, what is -236700 + 50?
-236640
In base 2, what is -100101101110111010010001101 + -101?
-100101101110111010010010010
In base 3, what is -22101202000 + 20021?
-22101111202
In base 2, what is -10100101010110111100111 + 1101000?
-10100101010110101111111
In base 16, what is 475b7397 - 3?
475b7394
In base 4, what is 2213111 - 110332?
2102113
In base 9, what is -234 - 3014022?
-3014256
In base 12, what is -b2 - -177935?
177843
In base 15, what is -d7 - -e1c3e?
e1b57
In base 3, what is 111102120 - -2220222?
121100112
In base 15, what is 128 - -e03?
102b
In base 9, what is -7446514 + 127?
-7446376
In base 4, what is 301301031000 - 2?
301301030332
In base 10, what is 72 - -73687?
73759
In base 7, what is -4 - -611531214?
611531210
In base 2, what is -11101000110 + 10100010000110101?
10011110011101111
In base 4, what is 31130 - -1211103?
1302233
In base 2, what is -1001001011101 - -110100?
-1001000101001
In base 11, what is -605 + -91504?
-92009
In base 2, what is 1010101100000110110000 + 1?
1010101100000110110001
In base 13, what is b55 + 8b0?
1735
In base 12, what is -1477 - -19067?
177b0
In base 11, what is -10133232 - -6?
-10133227
In base 13, what is -1610 - -181?
-145c
In base 11, what is a8729a76 - 0?
a8729a76
In base 12, what is 5 - 2a1925?
-2a1920
In base 10, what is -457620 - -11?
-457609
In base 16, what is -23066 + 7e?
-22fe8
In base 8, what is -20726 + -12423?
-33351
In base 14, what is -7446 + 61?
-73c5
In base 12, what is -828a1b - -8?
-828a13
In base 4, what is 202 + -1031101300?
-1031101032
In base 9, what is -140742441 + -3?
-140742444
In base 6, what is 4123244 - -200?
4123444
In base 10, what is 15751 - 256?
15495
In base 11, what is -452 + -28233?
-28685
In base 16, what is -3 - -26e7c4?
26e7c1
In base 10, what is 2 + -12969844?
-12969842
In base 7, what is -20616 - 5064?
-26013
In base 9, what is -1444736 - -248?
-1444477
In base 